2))/((-2)/4). Suppose 2*y - 8 = 2. Suppose 8*u = y*u + 231. Calculate the greatest common factor of u and m.
7
Let k = -111 + 207. What is the highest common factor of 12 and k?
12
Let a be 3 - 0/1 - -5. What is the highest common factor of a and 8?
8
Suppose 35 = p - 5*x, -2*p - 3*x + 81 = -2*x. Suppose 5 + 59 = -4*j. Let l = 21 + j. What is the greatest common divisor of l and p?
5
Suppose -21 = -u - 4*l - 0*l, 14 = 2*u + l. Let s be 696/20 + 3/15. What is the highest common divisor of s and u?
5
Let z = 5 - 3. Let y be 9/z - (-3)/6. Suppose 0 = 4*a + 3*k - 175, -150 = -4*a + k + k. What is the greatest common divisor of y and a?
5
Let g = -11 + 27. Calculate the highest common factor of 128 and g.
16
Suppose c - 5 = -0*c. Suppose -c*x - 4 = -4*k - 0, -3*k = 4*x - 34. Suppose -2 = 2*v - k. What is the highest common factor of v and 2?
2
Let l be 0 + 1/(-9) + 1580/45. What is the highest common factor of 70 and l?
35
Let s be (-2)/10 - (-46)/5. Let w be 537/s + 5/15. Calculate the highest common divisor of 20 and w.
20
Let a be (-1 - 0)*2 + 81. Suppose 3*b + 9 = 0, -3*b = y + 3*y - a. Let d = -3 + 14. What is the highest common factor of d and y?
11
Suppose 4*d = 2*d + 288. What is the greatest common factor of 36 and d?
36
Let p = -6 - -10. Let l = p - -7. Let q = -44 - -66. What is the greatest common divisor of q and l?
11
Let r = -86 - -130. What is the highest common divisor of r and 66?
22
Let h be 5 + (-7)/((-7)/2). Let x be (-2)/7 + 153/21. Calculate the greatest common divisor of h and x.
7
Suppose 0 = -u - 8 + 11. Let o be 10 - (u + 1 + -4). Suppose 0*a - 2*a - 258 = -5*c, -2*c + 80 = 5*a. Calculate the highest common divisor of o and c.
10
Suppose -p = -2*w - 0*w + 1, 0 = 4*p + 2*w - 16. Suppose 0*g = -p*g + 60. Calculate the highest common divisor of g and 10.
10
Let j be (-9)/(-6)*60/1. Suppose -18 = -5*t + 4*t. What is the greatest common factor of t and j?
18
Suppose -9*k + 4*k - 75 = 0. Let p be (264/k)/(4/(-10)). What is the greatest common divisor of 11 and p?
11
Suppose -2*p - 14 = -6*p + 2*q, 0 = 5*p + 3*q - 34. Let a = 16 - p. What is the highest common factor of a and 44?
11
Let o = -6 + 6. Suppose o*m - m = -1. What is the greatest common divisor of m and 11?
1
Let v = 15 - 11. Suppose 0 = -3*l - 6, v*l - 118 = -5*s + 3*l. Calculate the greatest common factor of 6 and s.
6
Suppose -2*d - 3*i + 16 = 0, -6 = -4*d - 3*i + 14. Let h be (20 + 0)*(d + -1). Let p = 21 + -1. Calculate the highest common factor of p and h.
20
Suppose 5*d + 4 = 19. Suppose 24 = -5*u + 3*h + 79, -d*u = h - 33. Calculate the greatest common factor of 44 and u.
11
Let b be (12/(-18))/(4/(-150)). What is the greatest common divisor of 5 and b?
5
Let l(s) = 35*s**2 + 2*s. Let t be l(1). What is the highest common divisor of t and 296?
37
Let s be (0 + 0)*(-9)/18. Suppose -l = 3*z - 5, -z = 2*l - s*l - 35. What is the greatest common factor of 10 and l?
10
Let w = 19 + 1. Calculate the greatest common divisor of 30 and w.
10
Let f = 147 - 133. Suppose -h - 338 = 3*z - 6*z, 326 = 3*z + 5*h. Calculate the highest common divisor of z and f.
14
Let q be (1/(-2))/(1/(-32)). Suppose j - q = -3*j. What is the greatest common factor of j and 20?
4
Let o be 4/10*110/2. Suppose -f + 4*g = -4, -g - o = -f - 3*g. Calculate the highest common divisor of 40 and f.
8
Let z(g) = 16*g - 10. Let y be z(9). Let v = -90 + y. What is the greatest common factor of 4 and v?
4
Let o(n) = 9*n - 73. Let a be o(9). Let m(i) = 2*i**2 - 2*i + 4. Let p be 5/1 - (-3 + 1). Let u be m(p). What is the greatest common factor of u and a?
8
Let x(a) = 3*a**2 + 5*a. Let g be x(-2). Let z = 21 - 11. Calculate the highest common factor of g and z.
2
Let c = 10 + 3. What is the greatest common divisor of c and 143?
13
Suppose -3*h - 2*o = 31, 3*h - 3*o + 13 = -h. Suppose m - 2*m = -k - 19, -m = -5*k - 35. Let z = h + m. What is the highest common factor of 32 and z?
8
Let p(h) = h**2 - 10*h + 8. Let q be p(11). Let z = q + -8. Calculate the highest common factor of 88 and z.
11
Suppose -790 = 5*x - 1210. Suppose 2*m - 1 = -z + 3, z - 6 = -4*m. Let n be ((-1)/z)/((-1)/24). What is the highest common divisor of x and n?
12
Suppose -3*u = 3*c - 27, u + 39 = 4*c + 4*u. Suppose 10 = -7*w + 2*w. Let h be 263/2 + w/(-4). What is the highest common factor of h and c?
12
Let l = -1 - -6. Let z = 101 - 51. What is the highest common factor of z and l?
5
Suppose 85 = 5*b + 2*x, 4*b = x - 6*x + 85. Calculate the greatest common divisor of b and 10.
5
Let h be -2*(-1)/(-2)*2. Let y be -2 + (-36)/h + 2. Let z be (-1)/2*-4 - -7. What is the greatest common factor of z and y?
9
Let x(g) = 2*g + 2. Let h be x(7). Calculate the highest common divisor of h and 2.
2
Let z(o) = 4*o - 4. Let s be z(5). Suppose -5*k = -s - 4. Let r(b) = -11*b - 1. Let m be r(-1). What is the highest common divisor of m and k?
2
Let s be (9/6)/(12/256). What is the greatest common divisor of 128 and s?
32
Let s be (-18)/(-15)*(-5)/(-2). Suppose -3*k - 9 = 0, -b = s*b + k - 9. Calculate the highest common divisor of b and 1.
1
Suppose u = -2 + 6. Let d be u/10 + 136/10. Let g(a) = a**3 + 5*a**2 - a + 1. Let l be g(-4). Calculate the highest common divisor of l and d.
7
Suppose r = -h - 4, 4*r - 2*h - 3 = 5. Let k(m) = m + 16. Let z be k(r). Let a be (12/z)/(1/12). Calculate the highest common factor of 45 and a.
9
Suppose -38 = -2*h - 5*f + f, -3*h - 3*f + 54 = 0. What is the greatest common divisor of h and 51?
17
Let d = 56 - 46. What is the greatest common divisor of d and 15?
5
Suppose x = -x + 4. Let r(z) = -4*z - 3 - z + 15*z. Let d be r(x). What is the greatest common factor of 153 and d?
17
Let j = 251 - 179. Calculate the highest common factor of j and 18.
18
Let j be (1/2)/(2/(-12)). Let s be 0/j + 1 - -5. Calculate the highest common factor of s and 42.
6
Suppose 0*o - 43 = -3*h - o, 5*h - 3*o - 95 = 0. What is the greatest common divisor of h and 176?
16
Let a = 5 + -3. Suppose -4*w = -5*j - 9*w + 770, 0 = -4*j - a*w + 618. Calculate the highest common divisor of j and 31.
31
Suppose -10*y = -15*y + 60. Let c(b) = 5*b**2 - b + 2. Let x be c(-5). Calculate the greatest common factor of x and y.
12
Suppose 4*c + 2 = -3*p + 18, 3*p - 5*c - 61 = 0. Let d(t) = 2*t**2 - 11*t - 3. Let g be d(9). Calculate the highest common divisor of p and g.
12
Suppose 10 - 2 = 4*u. Let v(t) = 4*t - 6. Let b be v(4). Calculate the greatest common factor of b and u.
2
Suppose -z - 6 = -3, -4*u + 3*z = -21. Calculate the greatest common factor of u and 33.
3
Suppose c = 3*p + 48, 0 = c - 5*p - 55 + 5. What is the highest common divisor of 15 and c?
15
Suppose -8*o = -75 - 117. What is the highest common divisor of o and 72?
24
Suppose -8*l + 11*l - 288 = 0. What is the greatest common factor of 12 and l?
12
Let h(y) = 3*y - 1 + 4*y**2 - 4*y + y**3 + 0*y. Let m be h(-4). Let p be (-1 - -2)/(1 - 0). Calculate the greatest common factor of p and m.
1
Let g(o) = -o**3 - 5*o**2 - 7*o - 8. Let q be g(-6). Suppose 5*v + r - q = -r, 3*r - 3 = v. What is the greatest common divisor of v and 24?
12
Let t = 22 + -16. Calculate the greatest common divisor of 18 and t.
6
Let s = -7 - -75. Let o(x) = x**3 - 3*x**2 + x + 1. Let t be o(3). Suppose -m + 257 = t*z, -z + m - 2*m = -s. Calculate the highest common factor of z and 7.
7
Suppose 0 = 2*o - 7*o + 15. Suppose -10 = -o*i + 32. What is the greatest common factor of 98 and i?
14
Let m(u) = -5*u**2 + 9*u**3 - 5*u + 1 - 10*u**3 + 3. Let x be m(-4). What is the highest common divisor of x and 24?
8
Let y be 12/(-42) + (-72)/(-7). Calculate the greatest common divisor of y and 10.
10
Let v = -12 - -13. Let p = 1 + -1. Suppose 0 = a - 3, 4*y + 4*a - 56 = -p*a. Calculate the greatest common divisor of y and v.
1
Let t(d) = 10*d - 2. Let j be t(3). Calculate the highest common divisor of 14 and j.
14
Suppose 13 = 5*f - 2*m, 2*f - 4*m + 5*m + 2 = 0. What is the highest common factor of 2 and f?
1
Let a(l) = 10*l - 11. Let q be a(5). Calculate the highest common divisor of q and 26.
13
Suppose -22 = -4*p + 14. Calculate the highest common factor of p and 171.
9
Suppose 3*i + 2*v - 627 = 0, -i = -2*i - 5*v + 222. What is the highest common divisor of i and 23?
23
Suppose 5*v + 10 = 0, -5*m - 6 + 1 = 5*v. Calcula